 = y - 2. Calculate the remainder when a is divided by 20.
17
Let t be (4 + -2 + 2)*1. Suppose 3*z + 24 = t*z. Calculate the remainder when z is divided by (-3 - -2) + 15 - 1.
11
Suppose -2 = -k - 0. Suppose -t - 2*x = t + 6, -k*x = 5*t. Calculate the remainder when 38 - (t + -5 + 6) is divided by 18.
17
Suppose -3*q + 22 = 2*b, -b = -2*q - 0*b + 17. Suppose -5*t - 47 + 177 = 0. Let p = t - 11. What is the remainder when p is divided by q?
7
Let y = -3 + 1. Let h = y - 0. Let r = 12 + h. What is the remainder when 19 is divided by r?
9
Let x = 49 - 9. Let r = 4 + 10. Calculate the remainder when x is divided by r.
12
Suppose 2*i + 0 - 42 = 0. Suppose -4*l + 16 = 0, i + 18 = 5*r + l. Calculate the remainder when r is divided by 4.
3
Suppose 5*s = 2*a - 122 + 25, 5*a - 5*s = 280. What is the remainder when a is divided by 16?
13
Suppose -8*t = -10*t + 34. Let m = 37 - t. Calculate the remainder when (0 - -1 - -58)/1 is divided by m.
19
Let a(u) = u + 58. Let g(p) = -5*p**2 + 46*p + 21. Calculate the remainder when a(0) is divided by g(9).
28
Suppose 138 = -2*s - 4*n, 3*s - 8*s = -n + 389. Suppose -3*k = -k + 230. Let p = s - k. Calculate the remainder when p is divided by 13.
12
What is the remainder when 48 is divided by -5*(4/10 + -4)?
12
Let r(d) = d**3 + d**2 + d - 5. Suppose 2*y = y. Let n be r(y). Let b(w) = w**2 + 5*w + 5. What is the remainder when b(n) is divided by 3?
2
Calculate the remainder when 18 is divided by 18/(-12) - (-51)/6.
4
What is the remainder when 25 is divided by (13/2)/((-4)/(-4 - 4))?
12
Suppose -m = -3*v + 162, -231 = -5*v - 3*m + 53. Suppose 87 = 5*f - 8. Calculate the remainder when v is divided by f.
17
Let g(n) = -6*n - 15. What is the remainder when 41 is divided by g(-4)?
5
Let s = 28 + -18. Calculate the remainder when 29 is divided by s.
9
Let d be (0 + -4)/(-3 + 2). Suppose d*w - 5*n = -10*n + 38, 2*w + 5*n = 14. Let u(v) = 7*v**2 - v + 1. What is the remainder when w is divided by u(1)?
5
Let q(z) = -1. Let b(g) = 2*g**2 + g + 3. Let t(u) = 2*b(u) + 4*q(u). What is the remainder when 27 is divided by t(-2)?
13
Suppose -5*s + 71 = 4*y, -44 = -5*s + 4*y + 35. Suppose -2*q = 3*u + 2*u - 11, -2*u + 5*q = -16. Calculate the remainder when s is divided by 1/((u/8)/3).
7
Suppose -4*t - 2*s + s = -771, 0 = -4*t - 5*s + 751. Calculate the remainder when t/8 + 3/4 is divided by 13.
12
Suppose 4*p - 33 = 2*y + 3, 4*p + 5*y - 22 = 0. Calculate the remainder when 38 is divided by p.
6
Suppose -2*y = 3*y - 45. Let s = y + -4. Suppose 98 = s*x - 57. Calculate the remainder when x is divided by 17.
14
Let v = 144 + -65. Suppose -f - 5*k = -2*f + 11, k = 5*f - v. Let q = 2 + 4. Calculate the remainder when f is divided by q.
4
Let a(v) = v + 20. Calculate the remainder when 31 is divided by a(-12).
7
Suppose 2*d = 5*d - 5*w, -5*w - 10 = -5*d. Let h = d - 1. Suppose 1 = -n, -n - 3*n = h*l - 40. Calculate the remainder when 31 is divided by l.
9
Suppose -79 = -3*k + 5*j, 8*k - 3*j - 121 = 3*k. Calculate the remainder when 44 is divided by k.
21
Let c = 297 + -52. Let x be (-1)/2 + 27/6. Calculate the remainder when (-1)/x + c/20 is divided by 5.
2
Suppose -16 = 3*z - 5*h, -12 + 37 = 5*z + 2*h. Suppose q - 6 = -j, 3*q - 2*j - 11 = -z. Calculate the remainder when 9 is divided by q.
1
What is the remainder when 0 - ((-62)/4 + (-1)/2) is divided by 6?
4
Suppose -d = -5*d - a + 36, -3*d + a = -20. Calculate the remainder when (14/147*7)/(4/186) is divided by d.
7
Let o be 85 + 5/((-15)/(-6)). Suppose 2*k - o - 63 = 0. Calculate the remainder when k is divided by 19.
18
Let l(m) = -2*m + 10. Let n be l(8). Let c(h) = -h + 4. Let f be c(n). Let t = f + 7. Calculate the remainder when t is divided by 9.
8
Suppose 0 = 5*y + 5, 26 = c - 5*y - 58. Calculate the remainder when c is divided by 14.
9
Let u(m) = m**3 + 8*m**2 + 3*m + 8. Calculate the remainder when 143 is divided by u(-7).
35
Calculate the remainder when 41 is divided by (2 - 3)*-3*(-299)/(-39).
18
Suppose -2*j - 11 = -5*h, -2*h + 2 = j - 6. Let s = 3 - h. Let q = 2 - s. What is the remainder when 5 is divided by q?
1
Let y(m) = -6*m - 4. Let v be y(-8). Let w = v - -1. Let o(s) = s**2 - 7*s + 8. Calculate the remainder when w is divided by o(8).
13
Suppose 0 = 4*t + 16, -t = -3*v + 3*t + 70. Calculate the remainder when 67 is divided by v.
13
Let x(n) = -n**2 - 6*n + 2. Calculate the remainder when x(-4) is divided by ((-48)/(-8))/((-6)/(-4)).
2
Let x = -491 - -503. Suppose 0 = 4*u + 4*s - 59 - 133, -2*u = 5*s - 105. Calculate the remainder when u is divided by x.
9
Let k(t) = -13*t + 4. Suppose -f = -12 - 15. Let d = f + -8. Calculate the remainder when k(-4) is divided by d.
18
Suppose 2*k = f - 8, 0 = 5*k + 5*f - 8 - 2. Let z(a) = -12*a. What is the remainder when 46 is divided by z(k)?
22
Let w = 1 + -7. Let j = 26 + w. What is the remainder when 37 is divided by j?
17
Suppose -15*l + 11*l = -160. Let n = -17 + l. Calculate the remainder when 45 is divided by n.
22
Let o(j) = 3*j. Let r = -157 - -159. Calculate the remainder when o(2) is divided by r.
0
Let f(x) = 3*x - x**2 + 0 + 8 - 8*x. Calculate the remainder when 3 is divided by f(-6).
1
Let m = -10 + 13. Suppose 78 = 2*x - s, x - s + m*s = 39. What is the remainder when x is divided by 21?
18
Suppose 4*h + 44 - 3 = 3*o, -o + 3 = -4*h. Calculate the remainder when 34 is divided by o.
15
Let s = -2 + 50. Let j = s + 20. Calculate the remainder when j is divided by 23.
22
Suppose -i + 3*d + 110 = 3*i, -54 = -2*i + 2*d. What is the remainder when i is divided by 16?
13
What is the remainder when (37 + (4 - 6))*1 is divided by 19?
16
Let i be ((-6)/4)/((-4)/88). Let m be (10/(-15))/(2/(-75)). Suppose m = 2*t - i. What is the remainder when t is divided by 10?
9
Suppose 2*t = -5 - 3. Let x = 0 - t. Suppose x*m - 8*m = -28. What is the remainder when 20 is divided by m?
6
Let j = -1 - -6. Calculate the remainder when (-3 - -26) + j/5 is divided by 13.
11
What is the remainder when 41 is divided by (1 + -4)*110/(-30)?
8
Suppose 62 = 3*r - r. Suppose -5*i + 20 + 35 = 0. What is the remainder when r is divided by i?
9
Calculate the remainder when (-3)/6*-129 + 2/(-4) is divided by 17.
13
Suppose 36 = 3*p - p. Let f(s) = s**2 + 9*s - 4. Let r be f(-8). Let l = p + r. What is the remainder when 17 is divided by l?
5
Suppose 3*z = 12 - 0. What is the remainder when 30 is divided by z?
2
Let v = 41 + -7. Let b(r) = -19*r - 1. What is the remainder when v is divided by b(-1)?
16
Let f(q) = 5*q - 7. Suppose -o + i + 2 = 4*i, 3*i = -4*o + 8. Suppose o*j = 4 + 10. What is the remainder when f(j) is divided by 10?
8
Let w = 2 + -3. Let g(v) = -17*v. Calculate the remainder when 33 is divided by g(w).
16
Let d(r) = -r**2 - 11*r - 9. Suppose 2*q = -7 - 7. What is the remainder when d(q) is divided by 10?
9
Let p be 0/1 + (-57)/(-3). Suppose -2*h = 5*k - p, -3*h = k + k - 12. Let m = 20 - 9. Calculate the remainder when m is divided by k.
2
Let s(f) be the third derivative of 2*f**4/3 - f**3 + f**2. What is the remainder when s(4) is divided by 30?
28
Suppose -5*k - 21 = -5*y + 14, -4*y + 5*k + 32 = 0. Let s = 17 + -10. Calculate the remainder when -1*(y*-7 - -2) is divided by s.
5
Let k = 45 + -1. Calculate the remainder when k is divided by 23.
21
Let k = -37 + 70. What is the remainder when 96 is divided by k?
30
Suppose 28 = m - 3*c, -3*m + 49 = -c - 3. What is the remainder when 60 is divided by m?
12
Suppose -1 = -b + 4. Suppose 0*z + b*z - 85 = 0. Calculate the remainder when z is divided by 5.
2
Let f be (54/30)/((-1)/(-5)). Calculate the remainder when 41 is divided by 99/(-6)*(-6)/f.
8
Suppose 0 = 3*i - 0*i - 48. Suppose t - 3*t = -i. What is the remainder when t is divided by 5?
3
Let a = 8 + -5. Let i = -2 + a. Suppose -11 = -3*p + 7*p - 3*h, -3*p = 4*h - 23. What is the remainder when p is divided by i?
0
Let y be 3/(30/(-4))*-20. Suppose -3*i + 6 = -h, h - 3*h + 2*i + y = 0. Suppose 0 = -n + 6*n - p - 86, n + p = 16. What is the remainder when n is divided by h?
8
Suppose -5*t = -1264 - 331. Calculate the remainder when t is divided by 46.
43
Let o(k) = 2*k**3 - 6*k**2 + 2*k + 2. Calculate the remainder when o(4) is divided by ((7/(-21))/1)/(2/(-66)).
9
Suppose 3 = 2*c - c. Suppose -2*n + 30 = -0*n. What is the re